{"id":12,"date":"2023-03-18T21:51:26","date_gmt":"2023-03-18T20:51:26","guid":{"rendered":"http:\/\/10.0.0.65\/wordpress\/?page_id=12"},"modified":"2023-03-19T09:27:19","modified_gmt":"2023-03-19T08:27:19","slug":"bregnefaret-sameie","status":"publish","type":"page","link":"https:\/\/bregnefaret.no\/","title":{"rendered":"Bregnefaret sameie"},"content":{"rendered":"\t\t<div data-elementor-type=\"wp-page\" data-elementor-id=\"12\" class=\"elementor elementor-12\">\n\t\t\t\t\t\t\t\t\t<section class=\"elementor-section elementor-top-section elementor-element elementor-element-f08e5a6 elementor-section-boxed elementor-section-height-default elementor-section-height-default\" data-id=\"f08e5a6\" data-element_type=\"section\">\n\t\t\t\t\t\t<div class=\"elementor-container elementor-column-gap-default\">\n\t\t\t\t\t<div class=\"elementor-column elementor-col-100 elementor-top-column elementor-element elementor-element-b53c86a\" data-id=\"b53c86a\" data-element_type=\"column\">\n\t\t\t<div class=\"elementor-widget-wrap elementor-element-populated\">\n\t\t\t\t\t\t\t\t<div class=\"elementor-element elementor-element-e5207f1 elementor-widget elementor-widget-image\" data-id=\"e5207f1\" data-element_type=\"widget\" data-widget_type=\"image.default\">\n\t\t\t\t<div class=\"elementor-widget-container\">\n\t\t\t<style>\/*! elementor - v3.11.5 - 14-03-2023 *\/\n.elementor-widget-image{text-align:center}.elementor-widget-image a{display:inline-block}.elementor-widget-image a img[src$=\".svg\"]{width:48px}.elementor-widget-image img{vertical-align:middle;display:inline-block}<\/style>\t\t\t\t\t\t\t\t\t\t\t\t<img decoding=\"async\" width=\"800\" height=\"236\" src=\"https:\/\/bregnefaret.no\/wp-content\/uploads\/2023\/03\/Bregnefaret_01.png\" class=\"attachment-large size-large wp-image-15\" alt=\"\" loading=\"lazy\" \/>\t\t\t\t\t\t\t\t\t\t\t\t\t\t\t<\/div>\n\t\t\t\t<\/div>\n\t\t\t\t\t<\/div>\n\t\t<\/div>\n\t\t\t\t\t\t\t<\/div>\n\t\t<\/section>\n\t\t\t\t<section class=\"elementor-section elementor-top-section elementor-element elementor-element-53adb10 elementor-section-boxed elementor-section-height-default elementor-section-height-default\" data-id=\"53adb10\" data-element_type=\"section\">\n\t\t\t\t\t\t<div class=\"elementor-container elementor-column-gap-custom\">\n\t\t\t\t\t<div class=\"elementor-column elementor-col-25 elementor-top-column elementor-element elementor-element-3dd76ea\" data-id=\"3dd76ea\" data-element_type=\"column\">\n\t\t\t<div class=\"elementor-widget-wrap elementor-element-populated\">\n\t\t\t\t\t\t\t\t<div class=\"elementor-element elementor-element-c46007c elementor-widget elementor-widget-html\" data-id=\"c46007c\" data-element_type=\"widget\" data-widget_type=\"html.default\">\n\t\t\t\t<div class=\"elementor-widget-container\">\n\t\t\t<div class=\"p1MenyContainer\"><a class=\"p1MenyLink\" href=\"?page_id=70\">\r\n<div class=\"p1Image\"><img decoding=\"async\" loading=\"lazy\" class=\"alignnone size-full wp-image-16\" src=\"https:\/\/bregnefaret.no\/wp-content\/uploads\/2023\/03\/icons8-treasure-map-100.png\" alt=\"Om oss\" width=\"100\" height=\"100\" \/><\/div>\r\n<div class=\"p1Menynavn\">Om oss<\/div>\r\n<div class=\"p1MenyBeskrivelse\">Hvem er vi og hvor holder vi til? Svaret p\u00e5 det finner du her.<\/div>\r\n<\/a><\/div>\t\t<\/div>\n\t\t\t\t<\/div>\n\t\t\t\t\t<\/div>\n\t\t<\/div>\n\t\t\t\t<div class=\"elementor-column elementor-col-25 elementor-top-column elementor-element elementor-element-4bf9439\" data-id=\"4bf9439\" data-element_type=\"column\">\n\t\t\t<div class=\"elementor-widget-wrap elementor-element-populated\">\n\t\t\t\t\t\t\t\t<div class=\"elementor-element elementor-element-92744e4 elementor-widget elementor-widget-html\" data-id=\"92744e4\" data-element_type=\"widget\" data-widget_type=\"html.default\">\n\t\t\t\t<div class=\"elementor-widget-container\">\n\t\t\t<div class=\"p1MenyContainer\"><a class=\"p1MenyLink\" href=\"?page_id=271\">\r\n<div class=\"p1Image\"><img decoding=\"async\" loading=\"lazy\" class=\"alignnone size-full wp-image-47\" src=\"https:\/\/bregnefaret.no\/wp-content\/uploads\/2023\/03\/icons8-document-100.png\" alt=\"Dokumenter\" width=\"100\" height=\"100\" \/><\/div>\r\n<div class=\"p1Menynavn\">Dokumenter<\/div>\r\n<div class=\"p1MenyBeskrivelse\">Informasjon fra styret, protokoller fra \u00e5rsm\u00f8ter, brukerveiledninger, vedtekter etc<\/div>\r\n<\/a><\/div>\t\t<\/div>\n\t\t\t\t<\/div>\n\t\t\t\t\t<\/div>\n\t\t<\/div>\n\t\t\t\t<div class=\"elementor-column elementor-col-25 elementor-top-column elementor-element elementor-element-d683ead\" data-id=\"d683ead\" data-element_type=\"column\">\n\t\t\t<div class=\"elementor-widget-wrap elementor-element-populated\">\n\t\t\t\t\t\t\t\t<div class=\"elementor-element elementor-element-9d4486e elementor-widget elementor-widget-html\" data-id=\"9d4486e\" data-element_type=\"widget\" data-widget_type=\"html.default\">\n\t\t\t\t<div class=\"elementor-widget-container\">\n\t\t\t<div class=\"p1MenyContainer\"><a class=\"p1MenyLink\" href=\"?page_id=283\">\r\n<div class=\"p1Image\"><img decoding=\"async\" loading=\"lazy\" class=\"alignnone size-full wp-image-54\" src=\"https:\/\/bregnefaret.no\/wp-content\/uploads\/2023\/03\/icons8-shopping-cart-100.png\" alt=\"Lokale bedrifter\" width=\"100\" height=\"100\" \/><\/div>\r\n<div class=\"p1Menynavn\">Lokale bedrifter<\/div>\r\n<div class=\"p1MenyBeskrivelse\">Kontaktinformasjon til fris\u00f8r, legesenter og andre bedrifter i umiddelbar n\u00e6rhet.<\/div>\r\n<\/a><\/div>\t\t<\/div>\n\t\t\t\t<\/div>\n\t\t\t\t\t<\/div>\n\t\t<\/div>\n\t\t\t\t<div class=\"elementor-column elementor-col-25 elementor-top-column elementor-element elementor-element-e25a391\" data-id=\"e25a391\" data-element_type=\"column\">\n\t\t\t<div class=\"elementor-widget-wrap elementor-element-populated\">\n\t\t\t\t\t\t\t\t<div class=\"elementor-element elementor-element-69a3fc3 elementor-widget elementor-widget-html\" data-id=\"69a3fc3\" data-element_type=\"widget\" data-widget_type=\"html.default\">\n\t\t\t\t<div class=\"elementor-widget-container\">\n\t\t\t<div class=\"p1MenyContainer\"><a class=\"p1MenyLink\" href=\"?page_id=291\">\r\n<div class=\"p1Image\"><img decoding=\"async\" loading=\"lazy\" class=\"alignnone size-full wp-image-54\" src=\"https:\/\/bregnefaret.no\/wp-content\/uploads\/2023\/03\/icons8-bus-100.png\" alt=\"Transport\" width=\"100\" height=\"100\" \/><\/div>\r\n<div class=\"p1Menynavn\">Transport<\/div>\r\n<div class=\"p1MenyBeskrivelse\">Telefonnummer og websider for buss, tog og taxi.<\/div>\r\n<\/a><\/div>\t\t<\/div>\n\t\t\t\t<\/div>\n\t\t\t\t\t<\/div>\n\t\t<\/div>\n\t\t\t\t\t\t\t<\/div>\n\t\t<\/section>\n\t\t\t\t<section class=\"elementor-section elementor-top-section elementor-element elementor-element-fd9808e elementor-section-boxed elementor-section-height-default elementor-section-height-default\" data-id=\"fd9808e\" data-element_type=\"section\">\n\t\t\t\t\t\t<div class=\"elementor-container elementor-column-gap-custom\">\n\t\t\t\t\t<div class=\"elementor-column elementor-col-25 elementor-top-column elementor-element elementor-element-5f4f961\" data-id=\"5f4f961\" data-element_type=\"column\">\n\t\t\t<div class=\"elementor-widget-wrap elementor-element-populated\">\n\t\t\t\t\t\t\t\t<div class=\"elementor-element elementor-element-34d5412 elementor-widget elementor-widget-html\" data-id=\"34d5412\" data-element_type=\"widget\" data-widget_type=\"html.default\">\n\t\t\t\t<div class=\"elementor-widget-container\">\n\t\t\t<div class=\"p1MenyContainer\"><a class=\"p1MenyLink\" href=\"?page_id=299\">\r\n<div class=\"p1Image\"><img decoding=\"async\" loading=\"lazy\" class=\"alignnone size-full wp-image-16\" src=\"https:\/\/bregnefaret.no\/wp-content\/uploads\/2023\/03\/icons8-ambulance-100.png\" alt=\"N\u00f8detater\" width=\"100\" height=\"100\" \/><\/div>\r\n<div class=\"p1Menynavn\">N\u00f8detater<\/div>\r\n<div class=\"p1MenyBeskrivelse\">Kontaktinformasjon til n\u00f8detatene Brannvesenet, Politi, Ambulanse og legevakt.<\/div>\r\n<\/a><\/div>\t\t<\/div>\n\t\t\t\t<\/div>\n\t\t\t\t\t<\/div>\n\t\t<\/div>\n\t\t\t\t<div class=\"elementor-column elementor-col-25 elementor-top-column elementor-element elementor-element-bf23dba\" data-id=\"bf23dba\" data-element_type=\"column\">\n\t\t\t<div class=\"elementor-widget-wrap elementor-element-populated\">\n\t\t\t\t\t\t\t\t<div class=\"elementor-element elementor-element-5de507a elementor-widget elementor-widget-html\" data-id=\"5de507a\" data-element_type=\"widget\" data-widget_type=\"html.default\">\n\t\t\t\t<div class=\"elementor-widget-container\">\n\t\t\t<div class=\"p1MenyContainer\"><a class=\"p1MenyLink\" href=\"?page_id=311\">\r\n<div class=\"p1Image\"><img decoding=\"async\" loading=\"lazy\" class=\"alignnone size-full wp-image-47\" src=\"https:\/\/bregnefaret.no\/wp-content\/uploads\/2023\/03\/icons8-maintenance-100.png\" alt=\"Vedlikehold\" width=\"100\" height=\"100\" \/><\/div>\r\n<div class=\"p1Menynavn\">Vedlikehold<\/div>\r\n<div class=\"p1MenyBeskrivelse\">Korte veiledninger for vedlikehold av sluk og skifte av luftfilter.<\/div>\r\n<\/a><\/div>\t\t<\/div>\n\t\t\t\t<\/div>\n\t\t\t\t\t<\/div>\n\t\t<\/div>\n\t\t\t\t<div class=\"elementor-column elementor-col-25 elementor-top-column elementor-element elementor-element-dca0b07\" data-id=\"dca0b07\" data-element_type=\"column\">\n\t\t\t<div class=\"elementor-widget-wrap elementor-element-populated\">\n\t\t\t\t\t\t\t\t<div class=\"elementor-element elementor-element-7b3575f elementor-widget elementor-widget-html\" data-id=\"7b3575f\" data-element_type=\"widget\" data-widget_type=\"html.default\">\n\t\t\t\t<div class=\"elementor-widget-container\">\n\t\t\t<div class=\"p1MenyContainer\"><a class=\"p1MenyLink\" href=\"?page_id=319\">\r\n<div class=\"p1Image\"><img decoding=\"async\" loading=\"lazy\" class=\"alignnone size-full wp-image-54\" src=\"https:\/\/bregnefaret.no\/wp-content\/uploads\/2023\/03\/icons8-communication-100.png\" alt=\"Kontakt\" width=\"100\" height=\"100\" \/><\/div>\r\n<div class=\"p1Menynavn\">Kontakt<\/div>\r\n<div class=\"p1MenyBeskrivelse\">Kontaktinformasjon til styret, fakturaadresse, bestilling av n\u00f8kler og garasjeport\u00e5pnere.<\/div>\r\n<\/a><\/div>\t\t<\/div>\n\t\t\t\t<\/div>\n\t\t\t\t\t<\/div>\n\t\t<\/div>\n\t\t\t\t<div class=\"elementor-column elementor-col-25 elementor-top-column elementor-element elementor-element-8d90305\" data-id=\"8d90305\" data-element_type=\"column\">\n\t\t\t<div class=\"elementor-widget-wrap\">\n\t\t\t\t\t\t\t\t\t<\/div>\n\t\t<\/div>\n\t\t\t\t\t\t\t<\/div>\n\t\t<\/section>\n\t\t\t\t\t\t\t<\/div>\n\t\t","protected":false},"excerpt":{"rendered":"<p>Om oss Hvem er vi og hvor holder vi til? Svaret p\u00e5 det finner du her. Dokumenter Informasjon fra styret, protokoller fra \u00e5rsm\u00f8ter, brukerveiledninger, vedtekter etc Lokale bedrifter Kontaktinformasjon til &#8230;<\/p>\n","protected":false},"author":1,"featured_media":0,"parent":0,"menu_order":0,"comment_status":"closed","ping_status":"closed","template":"elementor_header_footer","meta":[],"_links":{"self":[{"href":"https:\/\/bregnefaret.no\/index.php?rest_route=\/wp\/v2\/pages\/12"}],"collection":[{"href":"https:\/\/bregnefaret.no\/index.php?rest_route=\/wp\/v2\/pages"}],"about":[{"href":"https:\/\/bregnefaret.no\/index.php?rest_route=\/wp\/v2\/types\/page"}],"author":[{"embeddable":true,"href":"https:\/\/bregnefaret.no\/index.php?rest_route=\/wp\/v2\/users\/1"}],"replies":[{"embeddable":true,"href":"https:\/\/bregnefaret.no\/index.php?rest_route=%2Fwp%2Fv2%2Fcomments&post=12"}],"version-history":[{"count":100,"href":"https:\/\/bregnefaret.no\/index.php?rest_route=\/wp\/v2\/pages\/12\/revisions"}],"predecessor-version":[{"id":326,"href":"https:\/\/bregnefaret.no\/index.php?rest_route=\/wp\/v2\/pages\/12\/revisions\/326"}],"wp:attachment":[{"href":"https:\/\/bregnefaret.no\/index.php?rest_route=%2Fwp%2Fv2%2Fmedia&parent=12"}],"curies":[{"name":"wp","href":"https:\/\/api.w.org\/{rel}","templated":true}]}}