{"id":70,"date":"2023-03-18T22:34:08","date_gmt":"2023-03-18T21:34:08","guid":{"rendered":"http:\/\/10.0.0.65\/wordpress\/?page_id=70"},"modified":"2023-03-19T22:08:05","modified_gmt":"2023-03-19T21:08:05","slug":"om-oss","status":"publish","type":"page","link":"https:\/\/bregnefaret.no\/?page_id=70","title":{"rendered":"Om oss"},"content":{"rendered":"\t\t<div data-elementor-type=\"wp-page\" data-elementor-id=\"70\" class=\"elementor elementor-70\">\n\t\t\t\t\t\t\t\t\t<section class=\"elementor-section elementor-top-section elementor-element elementor-element-29e3a1d elementor-section-boxed elementor-section-height-default elementor-section-height-default\" data-id=\"29e3a1d\" data-element_type=\"section\">\n\t\t\t\t\t\t<div class=\"elementor-container elementor-column-gap-default\">\n\t\t\t\t\t<div class=\"elementor-column elementor-col-100 elementor-top-column elementor-element elementor-element-d1f7110\" data-id=\"d1f7110\" data-element_type=\"column\">\n\t\t\t<div class=\"elementor-widget-wrap elementor-element-populated\">\n\t\t\t\t\t\t\t\t<div class=\"elementor-element elementor-element-bb3dc01 elementor-widget elementor-widget-heading\" data-id=\"bb3dc01\" data-element_type=\"widget\" data-widget_type=\"heading.default\">\n\t\t\t\t<div class=\"elementor-widget-container\">\n\t\t\t<style>\/*! elementor - v3.11.5 - 14-03-2023 *\/\n.elementor-heading-title{padding:0;margin:0;line-height:1}.elementor-widget-heading .elementor-heading-title[class*=elementor-size-]>a{color:inherit;font-size:inherit;line-height:inherit}.elementor-widget-heading .elementor-heading-title.elementor-size-small{font-size:15px}.elementor-widget-heading .elementor-heading-title.elementor-size-medium{font-size:19px}.elementor-widget-heading .elementor-heading-title.elementor-size-large{font-size:29px}.elementor-widget-heading .elementor-heading-title.elementor-size-xl{font-size:39px}.elementor-widget-heading .elementor-heading-title.elementor-size-xxl{font-size:59px}<\/style><h1 class=\"elementor-heading-title elementor-size-default\"><img decoding=\"async\" src=\"https:\/\/bregnefaret.no\/wp-content\/uploads\/2023\/03\/icons8-treasure-map-100.png\" alt=\"Om oss\" width=\"50\" \/> Om oss<\/h1>\t\t<\/div>\n\t\t\t\t<\/div>\n\t\t\t\t\t<\/div>\n\t\t<\/div>\n\t\t\t\t\t\t\t<\/div>\n\t\t<\/section>\n\t\t\t\t<section class=\"elementor-section elementor-top-section elementor-element elementor-element-85fb334 elementor-section-boxed elementor-section-height-default elementor-section-height-default\" data-id=\"85fb334\" data-element_type=\"section\">\n\t\t\t\t\t\t<div class=\"elementor-container elementor-column-gap-default\">\n\t\t\t\t\t<div class=\"elementor-column elementor-col-50 elementor-top-column elementor-element elementor-element-2527bc0\" data-id=\"2527bc0\" data-element_type=\"column\">\n\t\t\t<div class=\"elementor-widget-wrap elementor-element-populated\">\n\t\t\t\t\t\t\t\t<div class=\"elementor-element elementor-element-560e12d elementor-widget elementor-widget-html\" data-id=\"560e12d\" data-element_type=\"widget\" data-widget_type=\"html.default\">\n\t\t\t\t<div class=\"elementor-widget-container\">\n\t\t\t<div class=\"p2Blokk\">\n<div class=\"p2Overskrift\">\n    Bes\u00f8ksadresse\n<\/div>\n<div class=\"p2Tekst\">\n    Bregnefaret 3 (A-K)<br \/>\n    1405 Langhus<br \/><br \/>\n\nForretningsdelen ligger i underetasjen, og har adressen Bregnefaret 1.\n\n<ul>\n    <li>\n        Gjesteparkering er innerst p\u00e5 parkeringsplassen foran Kiwi.        \n    <\/li>\n    <li>\n        Trapp mellom Kiwi og restaurant\/fris\u00f8r\/legesenteret kan benyttes i senterets \u00e5pningstid.\n    <\/li>\n<\/ul>\n<\/div>\n<\/div>\t\t<\/div>\n\t\t\t\t<\/div>\n\t\t\t\t\t<\/div>\n\t\t<\/div>\n\t\t\t\t<div class=\"elementor-column elementor-col-50 elementor-top-column elementor-element elementor-element-a2d7b82\" data-id=\"a2d7b82\" data-element_type=\"column\">\n\t\t\t<div class=\"elementor-widget-wrap elementor-element-populated\">\n\t\t\t\t\t\t\t\t<div class=\"elementor-element elementor-element-0771ee1 elementor-widget elementor-widget-html\" data-id=\"0771ee1\" data-element_type=\"widget\" data-widget_type=\"html.default\">\n\t\t\t\t<div class=\"elementor-widget-container\">\n\t\t\t<div class=\"p2Blokk\">\n<div class=\"p2Overskrift\">\n    Kollektivtilbud\n<\/div>\n<div class=\"p2Tekst\">\n    Kolletivtilbudet for \u00e5 bes\u00f8ke oss er veldig bra, med buss som i ukedagene g\u00e5r med 10-15 minutter mellomrom.\n    <ul>\n        <li>\n            Buss 510 (Dr\u00f8bak - B\u00f8ler\u00e5sen) har stoppestedet \"Bregnefaret\" rett ved sameiet.\n        <\/li>\n        <li>\n            Tog L2 (Lysaker - Ski) til stoppested Vevelstad.<br \/>\n            Ta deretter buss 510 i 6 minutter (se over).\n        <\/li>\n        <li>\n            Tog til Ski.<br \/>\n            Ta deretter buss 510 i 16 minutter (se over).\n        <\/li>\n    <\/ul>\n    Reisetider kan sjekkes hos <a href=\"https:\/\/ruter.no\/?to=%7B%22id%22%3A%22NSR%3AStopPlace%3A4834%22%2C%22name%22%3A%22Bregnefaret%22%2C%22county%22%3A%22Viken%22%2C%22locality%22%3A%22Nordre+Follo%22%2C%22coordinates%22%3A%7B%22x%22%3A10.850608%2C%22y%22%3A59.76396%7D%2C%22category%22%3A%5B%22onstreetBus%22%5D%7D\" target=\"_blank\"><img decoding=\"async\" src=\"https:\/\/bregnefaret.no\/wp-content\/uploads\/2023\/03\/Ruter_white.jpg\" alt=\"Ruter#\" width=\"55px\"\/><\/a>.\n    <\/div>\n<\/div>\t\t<\/div>\n\t\t\t\t<\/div>\n\t\t\t\t\t<\/div>\n\t\t<\/div>\n\t\t\t\t\t\t\t<\/div>\n\t\t<\/section>\n\t\t\t\t<section class=\"elementor-section elementor-top-section elementor-element elementor-element-afa4405 elementor-section-boxed elementor-section-height-default elementor-section-height-default\" data-id=\"afa4405\" data-element_type=\"section\">\n\t\t\t\t\t\t<div class=\"elementor-container elementor-column-gap-default\">\n\t\t\t\t\t<div class=\"elementor-column elementor-col-100 elementor-top-column elementor-element elementor-element-9253427\" data-id=\"9253427\" data-element_type=\"column\">\n\t\t\t<div class=\"elementor-widget-wrap elementor-element-populated\">\n\t\t\t\t\t\t\t\t\t<\/div>\n\t\t<\/div>\n\t\t\t\t\t\t\t<\/div>\n\t\t<\/section>\n\t\t\t\t\t\t\t<\/div>\n\t\t","protected":false},"excerpt":{"rendered":"<p>Om oss Bes\u00f8ksadresse Bregnefaret 3 (A-K) 1405 Langhus Forretningsdelen ligger i underetasjen, og har adressen Bregnefaret 1. Gjesteparkering er innerst p\u00e5 parkeringsplassen foran Kiwi. Trapp mellom Kiwi og restaurant\/fris\u00f8r\/legesenteret kan &#8230;<\/p>\n","protected":false},"author":1,"featured_media":0,"parent":0,"menu_order":0,"comment_status":"closed","ping_status":"closed","template":"elementor_header_footer","meta":[],"_links":{"self":[{"href":"https:\/\/bregnefaret.no\/index.php?rest_route=\/wp\/v2\/pages\/70"}],"collection":[{"href":"https:\/\/bregnefaret.no\/index.php?rest_route=\/wp\/v2\/pages"}],"about":[{"href":"https:\/\/bregnefaret.no\/index.php?rest_route=\/wp\/v2\/types\/page"}],"author":[{"embeddable":true,"href":"https:\/\/bregnefaret.no\/index.php?rest_route=\/wp\/v2\/users\/1"}],"replies":[{"embeddable":true,"href":"https:\/\/bregnefaret.no\/index.php?rest_route=%2Fwp%2Fv2%2Fcomments&post=70"}],"version-history":[{"count":55,"href":"https:\/\/bregnefaret.no\/index.php?rest_route=\/wp\/v2\/pages\/70\/revisions"}],"predecessor-version":[{"id":775,"href":"https:\/\/bregnefaret.no\/index.php?rest_route=\/wp\/v2\/pages\/70\/revisions\/775"}],"wp:attachment":[{"href":"https:\/\/bregnefaret.no\/index.php?rest_route=%2Fwp%2Fv2%2Fmedia&parent=70"}],"curies":[{"name":"wp","href":"https:\/\/api.w.org\/{rel}","templated":true}]}}